{"id":1307,"date":"2025-05-21T13:16:40","date_gmt":"2025-05-21T18:16:40","guid":{"rendered":"https:\/\/chimbaviajes.com\/?page_id=1307"},"modified":"2025-05-21T15:04:48","modified_gmt":"2025-05-21T20:04:48","slug":"nosotros","status":"publish","type":"page","link":"https:\/\/chimbaviajes.com\/?page_id=1307","title":{"rendered":"Nosotros"},"content":{"rendered":"\t\t<div data-elementor-type=\"wp-page\" data-elementor-id=\"1307\" class=\"elementor elementor-1307\" data-elementor-post-type=\"page\">\n\t\t\t\t\t\t<section class=\"elementor-section elementor-top-section elementor-element elementor-element-3a77a52c elementor-section-height-min-height elementor-section-boxed elementor-section-height-default elementor-section-items-middle\" data-id=\"3a77a52c\" data-element_type=\"section\" data-settings=\"{&quot;background_background&quot;:&quot;classic&quot;,&quot;shape_divider_bottom&quot;:&quot;mountains&quot;}\">\n\t\t\t\t\t\t\t<div class=\"elementor-background-overlay\"><\/div>\n\t\t\t\t\t\t<div class=\"elementor-shape elementor-shape-bottom\" aria-hidden=\"true\" data-negative=\"false\">\n\t\t\t<svg xmlns=\"http:\/\/www.w3.org\/2000\/svg\" viewBox=\"0 0 1000 100\" preserveAspectRatio=\"none\">\n\t<path class=\"elementor-shape-fill\" opacity=\"0.33\" d=\"M473,67.3c-203.9,88.3-263.1-34-320.3,0C66,119.1,0,59.7,0,59.7V0h1000v59.7 c0,0-62.1,26.1-94.9,29.3c-32.8,3.3-62.8-12.3-75.8-22.1C806,49.6,745.3,8.7,694.9,4.7S492.4,59,473,67.3z\"\/>\n\t<path class=\"elementor-shape-fill\" opacity=\"0.66\" d=\"M734,67.3c-45.5,0-77.2-23.2-129.1-39.1c-28.6-8.7-150.3-10.1-254,39.1 s-91.7-34.4-149.2,0C115.7,118.3,0,39.8,0,39.8V0h1000v36.5c0,0-28.2-18.5-92.1-18.5C810.2,18.1,775.7,67.3,734,67.3z\"\/>\n\t<path class=\"elementor-shape-fill\" d=\"M766.1,28.9c-200-57.5-266,65.5-395.1,19.5C242,1.8,242,5.4,184.8,20.6C128,35.8,132.3,44.9,89.9,52.5C28.6,63.7,0,0,0,0 h1000c0,0-9.9,40.9-83.6,48.1S829.6,47,766.1,28.9z\"\/>\n<\/svg>\t\t<\/div>\n\t\t\t\t\t<div class=\"elementor-container elementor-column-gap-no\">\n\t\t\t\t\t<div class=\"elementor-column elementor-col-100 elementor-top-column elementor-element elementor-element-4df5fc91\" data-id=\"4df5fc91\" data-element_type=\"column\">\n\t\t\t<div class=\"elementor-widget-wrap elementor-element-populated\">\n\t\t\t\t\t\t<div class=\"elementor-element elementor-element-5bab6844 elementor-widget elementor-widget-heading\" data-id=\"5bab6844\" data-element_type=\"widget\" data-widget_type=\"heading.default\">\n\t\t\t\t<div class=\"elementor-widget-container\">\n\t\t\t\t\t<h2 class=\"elementor-heading-title elementor-size-default\">Sobre Nosotros<\/h2>\t\t\t\t<\/div>\n\t\t\t\t<\/div>\n\t\t\t\t\t<\/div>\n\t\t<\/div>\n\t\t\t\t\t<\/div>\n\t\t<\/section>\n\t\t\t\t<section class=\"elementor-section elementor-top-section elementor-element elementor-element-699d1714 elementor-section-boxed elementor-section-height-default elementor-section-height-default\" data-id=\"699d1714\" data-element_type=\"section\">\n\t\t\t\t\t\t<div class=\"elementor-container elementor-column-gap-no\">\n\t\t\t\t\t<div class=\"elementor-column elementor-col-50 elementor-top-column elementor-element elementor-element-3f23dc01\" data-id=\"3f23dc01\" data-element_type=\"column\">\n\t\t\t<div class=\"elementor-widget-wrap elementor-element-populated\">\n\t\t\t\t\t\t<div class=\"elementor-element elementor-element-972fb34 elementor-widget elementor-widget-image\" data-id=\"972fb34\" data-element_type=\"widget\" data-widget_type=\"image.default\">\n\t\t\t\t<div class=\"elementor-widget-container\">\n\t\t\t\t\t\t\t\t\t\t\t\t\t\t\t<img fetchpriority=\"high\" decoding=\"async\" width=\"1024\" height=\"682\" src=\"https:\/\/chimbaviajes.com\/wp-content\/uploads\/2025\/05\/cartagena-1-1024x682.jpg\" class=\"attachment-large size-large wp-image-1395\" alt=\"Cartagena\" srcset=\"https:\/\/chimbaviajes.com\/wp-content\/uploads\/2025\/05\/cartagena-1-1024x682.jpg 1024w, https:\/\/chimbaviajes.com\/wp-content\/uploads\/2025\/05\/cartagena-1-300x200.jpg 300w, https:\/\/chimbaviajes.com\/wp-content\/uploads\/2025\/05\/cartagena-1-768x512.jpg 768w, https:\/\/chimbaviajes.com\/wp-content\/uploads\/2025\/05\/cartagena-1-1536x1024.jpg 1536w, https:\/\/chimbaviajes.com\/wp-content\/uploads\/2025\/05\/cartagena-1-940x627.jpg 940w, https:\/\/chimbaviajes.com\/wp-content\/uploads\/2025\/05\/cartagena-1.jpg 2000w\" sizes=\"(max-width: 1024px) 100vw, 1024px\" \/>\t\t\t\t\t\t\t\t\t\t\t\t\t\t\t<\/div>\n\t\t\t\t<\/div>\n\t\t\t\t\t<\/div>\n\t\t<\/div>\n\t\t\t\t<div class=\"elementor-column elementor-col-50 elementor-top-column elementor-element elementor-element-69f02e95\" data-id=\"69f02e95\" data-element_type=\"column\">\n\t\t\t<div class=\"elementor-widget-wrap elementor-element-populated\">\n\t\t\t\t\t\t<div class=\"elementor-element elementor-element-18c835e3 elementor-widget elementor-widget-heading\" data-id=\"18c835e3\" data-element_type=\"widget\" data-widget_type=\"heading.default\">\n\t\t\t\t<div class=\"elementor-widget-container\">\n\t\t\t\t\t<h4 class=\"elementor-heading-title elementor-size-default\">Somos un equipo<\/h4>\t\t\t\t<\/div>\n\t\t\t\t<\/div>\n\t\t\t\t<div class=\"elementor-element elementor-element-58094650 elementor-widget elementor-widget-heading\" data-id=\"58094650\" data-element_type=\"widget\" data-widget_type=\"heading.default\">\n\t\t\t\t<div class=\"elementor-widget-container\">\n\t\t\t\t\t<h3 class=\"elementor-heading-title elementor-size-default\">Brindamos las mejores experiencias de viaje<\/h3>\t\t\t\t<\/div>\n\t\t\t\t<\/div>\n\t\t\t\t<div class=\"elementor-element elementor-element-5f787b0a elementor-widget elementor-widget-text-editor\" data-id=\"5f787b0a\" data-element_type=\"widget\" data-widget_type=\"text-editor.default\">\n\t\t\t\t<div class=\"elementor-widget-container\">\n\t\t\t\t\t\t\t\t\t<p data-start=\"192\" data-end=\"554\">En CHIMBAVIAJES nos apasiona conectar personas con destinos extraordinarios. Nuestro equipo trabaja d\u00eda a d\u00eda para ofrecerte atenci\u00f3n personalizada, planes dise\u00f1ados a tu medida y el respaldo necesario para que tu viaje sea inolvidable. Ya sea que busques una escapada rom\u00e1ntica, una aventura familiar o un tour internacional, estamos aqu\u00ed para hacerlo realidad.<\/p><p data-start=\"556\" data-end=\"813\">Creemos en el poder de viajar para transformar vidas. Por eso, cuidamos cada detalle: desde las reservas hasta el acompa\u00f1amiento en cada etapa de tu experiencia. Con oficinas en Bucaramanga y atenci\u00f3n en l\u00ednea por WhatsApp, estamos siempre cerca de ti.<\/p>\t\t\t\t\t\t\t\t<\/div>\n\t\t\t\t<\/div>\n\t\t\t\t\t<\/div>\n\t\t<\/div>\n\t\t\t\t\t<\/div>\n\t\t<\/section>\n\t\t\t\t<section class=\"elementor-section elementor-top-section elementor-element elementor-element-20bfaae elementor-reverse-mobile elementor-section-boxed elementor-section-height-default elementor-section-height-default\" data-id=\"20bfaae\" data-element_type=\"section\">\n\t\t\t\t\t\t<div class=\"elementor-container elementor-column-gap-no\">\n\t\t\t\t\t<div class=\"elementor-column elementor-col-33 elementor-top-column elementor-element elementor-element-a133cf5\" data-id=\"a133cf5\" data-element_type=\"column\">\n\t\t\t<div class=\"elementor-widget-wrap elementor-element-populated\">\n\t\t\t\t\t\t<div class=\"elementor-element elementor-element-81254e4 elementor-widget elementor-widget-image\" data-id=\"81254e4\" data-element_type=\"widget\" data-widget_type=\"image.default\">\n\t\t\t\t<div class=\"elementor-widget-container\">\n\t\t\t\t\t\t\t\t\t\t\t\t\t\t\t<img decoding=\"async\" width=\"1024\" height=\"734\" src=\"https:\/\/chimbaviajes.com\/wp-content\/uploads\/2025\/05\/zocalo-square-and-mexico-city-cathedral-mexico-city-mexico-1024x734.jpg\" class=\"attachment-large size-large wp-image-1342\" alt=\"Zocalo Square and Mexico City Cathedral - Mexico City, Mexico\" srcset=\"https:\/\/chimbaviajes.com\/wp-content\/uploads\/2025\/05\/zocalo-square-and-mexico-city-cathedral-mexico-city-mexico-1024x734.jpg 1024w, https:\/\/chimbaviajes.com\/wp-content\/uploads\/2025\/05\/zocalo-square-and-mexico-city-cathedral-mexico-city-mexico-300x215.jpg 300w, https:\/\/chimbaviajes.com\/wp-content\/uploads\/2025\/05\/zocalo-square-and-mexico-city-cathedral-mexico-city-mexico-768x551.jpg 768w, https:\/\/chimbaviajes.com\/wp-content\/uploads\/2025\/05\/zocalo-square-and-mexico-city-cathedral-mexico-city-mexico-1536x1101.jpg 1536w, https:\/\/chimbaviajes.com\/wp-content\/uploads\/2025\/05\/zocalo-square-and-mexico-city-cathedral-mexico-city-mexico-940x674.jpg 940w, https:\/\/chimbaviajes.com\/wp-content\/uploads\/2025\/05\/zocalo-square-and-mexico-city-cathedral-mexico-city-mexico.jpg 2000w\" sizes=\"(max-width: 1024px) 100vw, 1024px\" \/>\t\t\t\t\t\t\t\t\t\t\t\t\t\t\t<\/div>\n\t\t\t\t<\/div>\n\t\t\t\t\t<\/div>\n\t\t<\/div>\n\t\t\t\t<div class=\"elementor-column elementor-col-33 elementor-top-column elementor-element elementor-element-630324f4\" data-id=\"630324f4\" data-element_type=\"column\">\n\t\t\t<div class=\"elementor-widget-wrap elementor-element-populated\">\n\t\t\t\t\t\t<div class=\"elementor-element elementor-element-364d2c6 elementor-widget elementor-widget-image\" data-id=\"364d2c6\" data-element_type=\"widget\" data-widget_type=\"image.default\">\n\t\t\t\t<div class=\"elementor-widget-container\">\n\t\t\t\t\t\t\t\t\t\t\t\t\t\t\t<img decoding=\"async\" width=\"1024\" height=\"679\" src=\"https:\/\/chimbaviajes.com\/wp-content\/uploads\/2025\/05\/city-of-cancun-1024x679.jpg\" class=\"attachment-large size-large wp-image-1334\" alt=\"City of Cancun\" srcset=\"https:\/\/chimbaviajes.com\/wp-content\/uploads\/2025\/05\/city-of-cancun-1024x679.jpg 1024w, https:\/\/chimbaviajes.com\/wp-content\/uploads\/2025\/05\/city-of-cancun-300x199.jpg 300w, https:\/\/chimbaviajes.com\/wp-content\/uploads\/2025\/05\/city-of-cancun-768x510.jpg 768w, https:\/\/chimbaviajes.com\/wp-content\/uploads\/2025\/05\/city-of-cancun-1536x1019.jpg 1536w, https:\/\/chimbaviajes.com\/wp-content\/uploads\/2025\/05\/city-of-cancun-940x624.jpg 940w, https:\/\/chimbaviajes.com\/wp-content\/uploads\/2025\/05\/city-of-cancun.jpg 2000w\" sizes=\"(max-width: 1024px) 100vw, 1024px\" \/>\t\t\t\t\t\t\t\t\t\t\t\t\t\t\t<\/div>\n\t\t\t\t<\/div>\n\t\t\t\t\t<\/div>\n\t\t<\/div>\n\t\t\t\t<div class=\"elementor-column elementor-col-33 elementor-top-column elementor-element elementor-element-42d91318\" data-id=\"42d91318\" data-element_type=\"column\">\n\t\t\t<div class=\"elementor-widget-wrap elementor-element-populated\">\n\t\t\t\t\t\t<div class=\"elementor-element elementor-element-17884d36 elementor-widget elementor-widget-heading\" data-id=\"17884d36\" data-element_type=\"widget\" data-widget_type=\"heading.default\">\n\t\t\t\t<div class=\"elementor-widget-container\">\n\t\t\t\t\t<h3 class=\"elementor-heading-title elementor-size-default\">Nuestra Visi\u00f3n<\/h3>\t\t\t\t<\/div>\n\t\t\t\t<\/div>\n\t\t\t\t<div class=\"elementor-element elementor-element-1de7df4d elementor-widget elementor-widget-text-editor\" data-id=\"1de7df4d\" data-element_type=\"widget\" data-settings=\"{&quot;_animation&quot;:&quot;none&quot;}\" data-widget_type=\"text-editor.default\">\n\t\t\t\t<div class=\"elementor-widget-container\">\n\t\t\t\t\t\t\t\t\t<p data-start=\"159\" data-end=\"369\">Ser una agencia de viajes l\u00edder en Colombia, reconocida por su innovaci\u00f3n, servicio cercano y por brindar experiencias \u00fanicas que inspiren a las personas a descubrir el mundo con confianza, seguridad y emoci\u00f3n.<\/p>\t\t\t\t\t\t\t\t<\/div>\n\t\t\t\t<\/div>\n\t\t\t\t\t<\/div>\n\t\t<\/div>\n\t\t\t\t\t<\/div>\n\t\t<\/section>\n\t\t\t\t<section class=\"elementor-section elementor-top-section elementor-element elementor-element-5bd3186e elementor-section-boxed elementor-section-height-default elementor-section-height-default\" data-id=\"5bd3186e\" data-element_type=\"section\">\n\t\t\t\t\t\t<div class=\"elementor-container elementor-column-gap-no\">\n\t\t\t\t\t<div class=\"elementor-column elementor-col-50 elementor-top-column elementor-element elementor-element-5124019e\" data-id=\"5124019e\" data-element_type=\"column\">\n\t\t\t<div class=\"elementor-widget-wrap elementor-element-populated\">\n\t\t\t\t\t\t<div class=\"elementor-element elementor-element-6e9f05f3 elementor-widget elementor-widget-heading\" data-id=\"6e9f05f3\" data-element_type=\"widget\" data-widget_type=\"heading.default\">\n\t\t\t\t<div class=\"elementor-widget-container\">\n\t\t\t\t\t<h3 class=\"elementor-heading-title elementor-size-default\">Nuestra Misi\u00f3n<\/h3>\t\t\t\t<\/div>\n\t\t\t\t<\/div>\n\t\t\t\t<div class=\"elementor-element elementor-element-41de8d07 elementor-widget elementor-widget-text-editor\" data-id=\"41de8d07\" data-element_type=\"widget\" data-settings=\"{&quot;_animation&quot;:&quot;none&quot;}\" data-widget_type=\"text-editor.default\">\n\t\t\t\t<div class=\"elementor-widget-container\">\n\t\t\t\t\t\t\t\t\t<p>Ofrecer planes tur\u00edsticos nacionales e internacionales que superen las expectativas de nuestros clientes, brindando asesor\u00eda personalizada, atenci\u00f3n \u00e1gil y acompa\u00f1amiento en cada etapa del viaje. Nos enfocamos en hacer del turismo una experiencia accesible, confiable y memorable para todos.<\/p>\t\t\t\t\t\t\t\t<\/div>\n\t\t\t\t<\/div>\n\t\t\t\t\t<\/div>\n\t\t<\/div>\n\t\t\t\t<div class=\"elementor-column elementor-col-50 elementor-top-column elementor-element elementor-element-7b48dcdb\" data-id=\"7b48dcdb\" data-element_type=\"column\">\n\t\t\t<div class=\"elementor-widget-wrap elementor-element-populated\">\n\t\t\t\t\t\t<div class=\"elementor-element elementor-element-ab12a58 elementor-widget elementor-widget-image\" data-id=\"ab12a58\" data-element_type=\"widget\" data-widget_type=\"image.default\">\n\t\t\t\t<div class=\"elementor-widget-container\">\n\t\t\t\t\t\t\t\t\t\t\t\t\t\t\t<img loading=\"lazy\" decoding=\"async\" width=\"1024\" height=\"682\" src=\"https:\/\/chimbaviajes.com\/wp-content\/uploads\/2025\/05\/view-of-the-passage-of-the-bosporus-in-the-city-of-istanbul-and-the-roofs-of-the-city--1024x682.jpg\" class=\"attachment-large size-large wp-image-1337\" alt=\"View of the passage of the Bosporus in the city of Istanbul and the roofs of the city.\" srcset=\"https:\/\/chimbaviajes.com\/wp-content\/uploads\/2025\/05\/view-of-the-passage-of-the-bosporus-in-the-city-of-istanbul-and-the-roofs-of-the-city--1024x682.jpg 1024w, https:\/\/chimbaviajes.com\/wp-content\/uploads\/2025\/05\/view-of-the-passage-of-the-bosporus-in-the-city-of-istanbul-and-the-roofs-of-the-city--300x200.jpg 300w, https:\/\/chimbaviajes.com\/wp-content\/uploads\/2025\/05\/view-of-the-passage-of-the-bosporus-in-the-city-of-istanbul-and-the-roofs-of-the-city--768x512.jpg 768w, https:\/\/chimbaviajes.com\/wp-content\/uploads\/2025\/05\/view-of-the-passage-of-the-bosporus-in-the-city-of-istanbul-and-the-roofs-of-the-city--1536x1024.jpg 1536w, https:\/\/chimbaviajes.com\/wp-content\/uploads\/2025\/05\/view-of-the-passage-of-the-bosporus-in-the-city-of-istanbul-and-the-roofs-of-the-city--940x627.jpg 940w, https:\/\/chimbaviajes.com\/wp-content\/uploads\/2025\/05\/view-of-the-passage-of-the-bosporus-in-the-city-of-istanbul-and-the-roofs-of-the-city-.jpg 2000w\" sizes=\"(max-width: 1024px) 100vw, 1024px\" \/>\t\t\t\t\t\t\t\t\t\t\t\t\t\t\t<\/div>\n\t\t\t\t<\/div>\n\t\t\t\t\t<\/div>\n\t\t<\/div>\n\t\t\t\t\t<\/div>\n\t\t<\/section>\n\t\t\t\t<\/div>\n\t\t","protected":false},"excerpt":{"rendered":"<p>Sobre Nosotros Somos un equipo Brindamos las mejores experiencias de viaje En CHIMBAVIAJES nos apasiona conectar personas con destinos extraordinarios.&hellip;<\/p>\n","protected":false},"author":5,"featured_media":0,"parent":0,"menu_order":0,"comment_status":"closed","ping_status":"closed","template":"","meta":{"site-sidebar-layout":"no-sidebar","site-content-layout":"","ast-site-content-layout":"full-width-container","site-content-style":"default","site-sidebar-style":"default","ast-global-header-display":"","ast-banner-title-visibility":"","ast-main-header-display":"","ast-hfb-above-header-display":"","ast-hfb-below-header-display":"","ast-hfb-mobile-header-display":"","site-post-title":"disabled","ast-breadcrumbs-content":"","ast-featured-img":"disabled","footer-sml-layout":"","theme-transparent-header-meta":"default","adv-header-id-meta":"","stick-header-meta":"","header-above-stick-meta":"","header-main-stick-meta":"","header-below-stick-meta":"","astra-migrate-meta-layouts":"set","ast-page-background-enabled":"default","ast-page-background-meta":{"desktop":{"background-color":"var(--ast-global-color-5)","background-image":"","background-repeat":"repeat","background-position":"center center","background-size":"auto","background-attachment":"scroll","background-type":"","background-media":"","overlay-type":"","overlay-color":"","overlay-opacity":"","overlay-gradient":""},"tablet":{"background-color":"","background-image":"","background-repeat":"repeat","background-position":"center center","background-size":"auto","background-attachment":"scroll","background-type":"","background-media":"","overlay-type":"","overlay-color":"","overlay-opacity":"","overlay-gradient":""},"mobile":{"background-color":"","background-image":"","background-repeat":"repeat","background-position":"center center","background-size":"auto","background-attachment":"scroll","background-type":"","background-media":"","overlay-type":"","overlay-color":"","overlay-opacity":"","overlay-gradient":""}},"ast-content-background-meta":{"desktop":{"background-color":"var(--ast-global-color-4)","background-image":"","background-repeat":"repeat","background-position":"center center","background-size":"auto","background-attachment":"scroll","background-type":"","background-media":"","overlay-type":"","overlay-color":"","overlay-opacity":"","overlay-gradient":""},"tablet":{"background-color":"var(--ast-global-color-4)","background-image":"","background-repeat":"repeat","background-position":"center center","background-size":"auto","background-attachment":"scroll","background-type":"","background-media":"","overlay-type":"","overlay-color":"","overlay-opacity":"","overlay-gradient":""},"mobile":{"background-color":"var(--ast-global-color-4)","background-image":"","background-repeat":"repeat","background-position":"center center","background-size":"auto","background-attachment":"scroll","background-type":"","background-media":"","overlay-type":"","overlay-color":"","overlay-opacity":"","overlay-gradient":""}},"footnotes":""},"class_list":["post-1307","page","type-page","status-publish","hentry"],"_links":{"self":[{"href":"https:\/\/chimbaviajes.com\/index.php?rest_route=\/wp\/v2\/pages\/1307","targetHints":{"allow":["GET"]}}],"collection":[{"href":"https:\/\/chimbaviajes.com\/index.php?rest_route=\/wp\/v2\/pages"}],"about":[{"href":"https:\/\/chimbaviajes.com\/index.php?rest_route=\/wp\/v2\/types\/page"}],"author":[{"embeddable":true,"href":"https:\/\/chimbaviajes.com\/index.php?rest_route=\/wp\/v2\/users\/5"}],"replies":[{"embeddable":true,"href":"https:\/\/chimbaviajes.com\/index.php?rest_route=%2Fwp%2Fv2%2Fcomments&post=1307"}],"version-history":[{"count":10,"href":"https:\/\/chimbaviajes.com\/index.php?rest_route=\/wp\/v2\/pages\/1307\/revisions"}],"predecessor-version":[{"id":1419,"href":"https:\/\/chimbaviajes.com\/index.php?rest_route=\/wp\/v2\/pages\/1307\/revisions\/1419"}],"wp:attachment":[{"href":"https:\/\/chimbaviajes.com\/index.php?rest_route=%2Fwp%2Fv2%2Fmedia&parent=1307"}],"curies":[{"name":"wp","href":"https:\/\/api.w.org\/{rel}","templated":true}]}}